= 5*r**2 + 2*r - 3. Let i(w) = -11*w**2 - 3*w + 7. Let a(z) = -9*g(z) - 4*i(z). What is a(-7)?
-8
Let f(v) = -v + 1. Suppose -4*g + 125 = g. Suppose 2 = -3*x - g. Let z be 6/9 + 33/x. Calculate f(z).
4
Let m(g) = -g. Let k(y) = -y + 3. Let l(s) = -k(s) + 5*m(s). Determine l(-7).
25
Let v be (-4)/6 + (-25)/(-15). Let q(m) = 6*m + 7 - v - 5*m**2 + 6*m**2. Determine q(-6).
6
Let o(w) be the third derivative of 0*w - w**3 + 0 + 1/4*w**4 - 1/60*w**5 - 3*w**2. Determine o(4).
2
Let k(c) = 2*c + 3. Suppose -3*s - d = 9, -2*s - 8*d + 4*d = 16. Calculate k(s).
-1
Let n(y) be the first derivative of 2*y**3/3 + 1. Suppose 3 + 11 = -7*j. Give n(j).
8
Let a = 15 - 16. Suppose 3*c = -4*z + 29, 8 = 5*z - 3*c - 35. Let m(g) = 3 - 3*g**3 + g**2 - 4 + z*g**3. Calculate m(a).
-5
Let t be 0/3*1/3. Let l(v) = t + 0 + 10*v. Calculate l(-1).
-10
Let g = 6 - 7. Let h(t) = 13*t**2 - t. Determine h(g).
14
Let q(k) = -4 + 6 - k**2 + 1 + 2 + k. Let l be 2/(-4)*(3 - 3). Give q(l).
5
Suppose 8 = -p - 3*z, 5*p = -0*p + 4*z + 36. Let n(q) = 4*q + 0*q + q - 1 - p*q. What is n(-1)?
-2
Let i = -26 + 16. Let h be (i/6)/(6/(-18)). Let l(n) = -n + 4. Determine l(h).
-1
Let y(p) = -p**3 + 7*p**2 + 8*p + 2. Suppose 0*h + 3*w + 17 = 4*h, -4*w - 12 = -4*h. What is y(h)?
2
Suppose 8*j - 5*j - 3*k = 6, 0 = 5*k + 10. Let o(l) = -l**2 - l + 4. Calculate o(j).
4
Let p(v) = -v**3 - 7*v**2 + 7*v - 8. Let y be p(-8). Suppose 0 = 5*j + 3*k - 6, 3*j - k = 3*k + 21. Let x(r) = -r + 3 + 0*r + 2*r**j - r**3 + 0*r. What is x(y)?
3
Let s(u) = u**2 + 5*u + 5. Let w(y) = -2*y**2 - 7*y - 7. Let o(h) = 7*s(h) + 5*w(h). Determine o(1).
-3
Suppose -4*f + 1 - 10 = -3*g, 2*f + 12 = 4*g. Suppose 4*h + g*k = -9, 0*h - 3 = 5*h + k. Let y(u) = 2 + h + 2*u - 2. Calculate y(4).
8
Suppose -5*z + 4*v + 45 = -0*v, -4*z = -2*v - 30. Let q(a) = a**3 - 6*a**2 + 4*a - 3. Give q(z).
-8
Suppose 270 = -9*d + 4*d. Let l be d/(-10) - 2/5. Let r(s) = -s**3 + 5*s**2 - 7. Give r(l).
-7
Let q(k) = -k**2 - 2*k - 2. Let a be (-5)/5 + 3/1. Suppose 2*r - 4 = a. Suppose d + r = -0*d. Calculate q(d).
-5
Let b(k) = -k - 3*k + 5*k - k**2. Suppose 0 = -5*o + x + 10, -4*x - 8 = 3*o + 9. Suppose 4*h - o = a - 0, -3*h - 6 = -3*a. Give b(a).
-6
Suppose 0*r + 4*r = 0. Suppose r = -2*f + 3*f - 1. Let d(t) be the first derivative of t**4/4 - t**2/2 + t - 1. Determine d(f).
1
Let m(v) = 2*v + 1. Let w be 49/14*16/14. Suppose w*h = -17 + 5. Give m(h).
-5
Let u be (-1)/2*2*-1. Let w(v) = -3*v**3 + 4*v**3 - 6*v**2 - u + 6*v - 7*v. Determine w(6).
-7
Let c(i) = 175*i - 352*i + 175*i. What is c(-3)?
6
Let k(l) = l**2 - l - 5. Suppose -3*t - 1 = -f, -2*t - t - 3*f = -3. Let d be 2 + t + 0 + 2. Calculate k(d).
7
Suppose 112*s + 6 = 114*s. Let c(m) = -2*m**2 + 5*m - 4. Determine c(s).
-7
Let a(o) = o**3 - 12*o**2 - 2*o - 5. Let i(v) = -2*v**3 + 25*v**2 + 4*v + 10. Let g(z) = 13*a(z) + 6*i(z). Give g(6).
-17
Let r(i) = i + 2. Suppose 2*l - 2*n - 2 = -0*l, 5*l = 2*n + 14. Suppose -v + l*h = 7, h = -2*v + 2 + 11. Suppose -y + 0 - 1 = -v*c, -1 = y - 2*c. What is r(y)?
1
Let u(x) = -x**2 - 1. Let t(z) = -4*z**2 + 0 + 0*z**2 + z**2 - 2*z + 2. Let n(h) = -t(h) + 2*u(h). Calculate n(3).
11
Let j(u) = -14*u - 29. Let s(m) be the second derivative of 5*m**3/6 + 5*m**2 + 3*m. Let a(b) = -6*j(b) - 17*s(b). Calculate a(3).
1
Let f(d) = -d**3 - 7*d**2 - d - 8. Let y be f(-7). Let c(l) = 6*l**2 - 1. Calculate c(y).
5
Let y(i) be the second derivative of 3*i**5/20 - i**4/4 - 2*i**2 - i. Let m(n) = -13*n**3 + 12*n**2 - n + 16. Let w(r) = 2*m(r) + 9*y(r). Determine w(4).
4
Let f(o) be the third derivative of -o**6/120 + 3*o**5/20 - 3*o**4/8 + 5*o**3/6 + o**2. Suppose -4*t + 273 = 241. Calculate f(t).
-3
Let o(q) = q**3 - 7*q**2 + q - 7. Let h be o(7). Suppose r - 4 + 1 = h. Let f(t) be the third derivative of -t**5/60 + t**4/6 - t**3/3 + t**2. Give f(r).
1
Let j(f) = 3*f**3 - 3*f**2 - 1. Let y(t) = -t**2 + 2 + 7*t**3 + 2*t**2 - 4 - t - 6*t**2. Let d(m) = -5*j(m) + 2*y(m). Determine d(5).
-9
Let j = 3 + -1. Let s(v) = -28*v + v**j - 2 + 28*v. Determine s(-2).
2
Let y(v) = v**2 + 5*v - 1. Suppose 2*r - 2*k - 1 = 1, 2*r - 14 = -2*k. Suppose r*q + 8 = -4*h, q - 5*h = 26 + 2. Let s be (2/q)/(6/(-54)). What is y(s)?
5
Let l(v) be the first derivative of -v**5/20 - v**4/4 + v**3/2 + v**2/2 + 6*v + 1. Let i(n) be the first derivative of l(n). Give i(-4).
5
Let f(m) = 5*m**3 - 18*m**2 - 9*m + 11. Let a(w) = -3*w**3 + 12*w**2 + 6*w - 7. Let j(x) = -8*a(x) - 5*f(x). What is j(-5)?
-9
Let f(y) = -y**2 + 10*y - 4. Suppose -2*h - 14 = -3*u, 4*u - 30 + 6 = 4*h. Let p(z) = z - 1. Let r(x) = h*p(x) + f(x). What is r(5)?
5
Let j = -19 + 21. Let v be (4 - 3) + (-3)/(-1). Let p(y) = -y**3 + 3*y**2 - 2 - v*y**2 + 3. Determine p(j).
-11
Let q = -22 - -47. Suppose 0 = -5*o + n - 0*n + 5, 2*o + 5*n + q = 0. Let h(m) = -18*m - 4 - 16*m + 43*m - 10*m. Calculate h(o).
-4
Let s = 0 - 6. Let k(l) = 5*l - 4. Let h(d) = d - 1. Let i(m) = 9*h(m) - 2*k(m). Give i(s).
5
Let s(l) = -3*l**2 + 7*l - 5. Let x(t) be the third derivative of t**5/60 - t**4/8 + t**3/2 + 5*t**2. Let o(b) = 2*s(b) + 5*x(b). Give o(0).
5
Suppose c = -h + 3, -5*h + 0*c = 2*c - 18. Let d(i) = -7*i**2 - 1. Let a(u) = 6*u**2 - u + 1. Let z(g) = -6*a(g) - 5*d(g). Determine z(h).
7
Let c(s) be the first derivative of 5*s**2/2 + s - 1. Suppose 5*o = 20, -3*o = 4*w - 18 + 2. What is c(w)?
6
Let j(k) = -k**2 - 2*k + 1. Let i(n) = -3*n - 14. Let f be i(-5). What is j(f)?
-2
Let y(x) be the second derivative of -x**6/120 + x**5/30 + x**4/24 + x**3/6 + 5*x**2/2 - 5*x. Let r(s) be the first derivative of y(s). What is r(2)?
3
Let m = 4 - 2. Let k(j) = m + 2*j + j**2 - 1 - 4*j. Calculate k(2).
1
Let x(f) = -3*f + 3. Suppose 4*u + 2*d + 16 = 0, 3*u + 10 = -4*d - 12. Let b = 2 - u. Determine x(b).
-9
Let n(x) be the first derivative of -x**3/3 - 3*x**2/2 - 3. Let u be n(-4). Let y(h) = h + 8. Determine y(u).
4
Let y(m) = m**3 - 5*m**2 + 6*m - 3. Let f = -24 + 35. Suppose 0 = 3*g - 1 - f. Suppose -4*x + 16 = 0, -2*x - 12 = -l - g*x. What is y(l)?
5
Suppose -1 = f - x, 2*x + 2 = -5*f + 25. Let n(j) = -f*j - 4 + j + j + 0*j. Let a(p) = 3*p + 1. Let o be a(-2). What is n(o)?
1
Let c be 6/(-4) - 28/(-8). Suppose -3*z = 3*x - 6, -3*x = -7*z + c*z + 18. Suppose z*d - 2 = d. Let r(a) = -6*a + 1. Determine r(d).
-5
Let s(k) = -2*k**3 - 2*k**2 + 2*k + 6. Let l(d) = 2*d**3 + 2*d**2 - 2*d - 5. Let c(v) = -7*l(v) - 6*s(v). Calculate c(1).
-3
Let m(j) = 5*j**2 - 5*j + 9. Let w(f) = -2*f**2 + 3*f - 4. Let p(k) = 3*m(k) + 7*w(k). Calculate p(-6).
-1
Let z(k) = k**3 + 3*k**2 + 2*k. Let d(y) = 8*y - 3. Let t be d(3). Suppose -3*s - 3 = t. Let h be ((-3)/4)/((-2)/s). Determine z(h).
-6
Let h(c) = -2*c**3 + 4 + 14 - 10 + 12*c**2 + c**3 - 12*c. What is h(11)?
-3
Let p(j) = 3*j + 5. Let q(f) = 7*f + 13. Let a(g) = -5*p(g) + 2*q(g). Calculate a(6).
-5
Let t(r) = -r + 10. Let p = -11 - -11. Determine t(p).
10
Let j be -1*(-4 + 3) - 4. Let c(l) = -6*l**2 - 6*l + 4. Let m(b) = 9*b**2 + 9*b - 6. Let o(y) = -7*c(y) - 5*m(y). Calculate o(j).
-16
Let k = -10 - -5. Let p(c) = c**3 + 13*c**2 + 11*c - 10. Let h(q) = q**3 + 12*q**2 + 10*q - 9. Let u(x) = 7*h(x) - 6*p(x). Give u(k).
2
Let o(n) = n - 1. Let z be o(2). Let g(y) = 1 - 14*y + 15*y + z + y**2. What is g(-3)?
8
Let k(r) = -4 - r + 3*r - 4*r**2 + 8*r**3 - 1. Let j(x) = -15*x**3 + 7*x**2 - 4*x + 9. Let m(n) = -6*j(n) - 11*k(n). Let w = -9 + 8. What is m(w)?
-1
Let c(g) = g**3 - 6*g**2 + 2*g - 4. Let i be 1/4 - 10/40. Suppose i*q - 12 = -2*q. Determine c(q).
8
Let c(a) = -a**3 + 4*a**2 - 5*a + 4. Let x be (-42)/(-28) - (-3)/2. Determine c(x).
-2
Suppose -2*k - 5*i = -k + 13, 4*k - 4*i + 4 = 0. Let b(z) = -z**3 - 2*z**2 + 4*z - 1. Give b(k).
-4
Let r(x) = -x**3 - 2*x**2 - 4*x + 1. Suppose 5*q - 5 = 5*o + 5, 2*q = 4*o + 10. Let p(m) = m**3 + m**2 + 3*m - 1. Let b(j) = o*r(j) - 4*p(j). Give b(2).
1
Let i(j) = j**3 + 3 - 4 - j + 1. Let s(z) = z**3 - z**2 - 2*z + 2. Let a be s(2). Give i(a).
6
Suppose 3 = -i - 1. Let w(a) = 3*a**2 - a**2 - 10 + 3*a + 14 - a**2. Calculate w(i).
8
Let o(i) = i**2 + 5*i - 2. Let j(f) = -5*f + 6 + f**3 + 5*f + 2*f**2 - 10. Let r be j(-2). Give o(r).
-6
Let n = -1 + 4. Let q(h) = 5*h - 9. Let v(s) = -s + 2. Let x(u) = u - 5. Let t be x(-4). Let w(d) = t*v(d) - 2*q(d). Calculate w(n).
-3
Let w(y)